nder when 2355 is divided by 213?
12
What is the remainder when 574 is divided by 37?
19
Calculate the remainder when 8887 is divided by 1269.
4
Calculate the remainder when 17819 is divided by 945.
809
Calculate the remainder when 7726 is divided by 58.
12
What is the remainder when 27786 is divided by 8519?
2229
Calculate the remainder when 121744 is divided by 121740.
4
Calculate the remainder when 364979 is divided by 1185.
1184
Calculate the remainder when 1458 is divided by 163.
154
Calculate the remainder when 292948 is divided by 525.
523
What is the remainder when 315 is divided by 21?
0
What is the remainder when 40446 is divided by 256?
254
Calculate the remainder when 4384 is divided by 23.
14
Calculate the remainder when 26719 is divided by 241.
209
Calculate the remainder when 15033 is divided by 883.
22
What is the remainder when 961436 is divided by 1247?
1246
What is the remainder when 42004 is divided by 155?
154
What is the remainder when 5466 is divided by 387?
48
Calculate the remainder when 236729 is divided by 195.
194
What is the remainder when 3885 is divided by 472?
109
Calculate the remainder when 20526 is divided by 6831.
33
Calculate the remainder when 9329 is divided by 4653.
23
Calculate the remainder when 25982 is divided by 11.
0
What is the remainder when 47364 is divided by 22?
20
Calculate the remainder when 3394 is divided by 382.
338
What is the remainder when 130799 is divided by 75?
74
What is the remainder when 16276 is divided by 4068?
4
What is the remainder when 13856 is divided by 15?
11
What is the remainder when 13578 is divided by 6777?
24
What is the remainder when 95274 is divided by 38?
8
What is the remainder when 1512 is divided by 250?
12
Calculate the remainder when 4940 is divided by 441.
89
Calculate the remainder when 200354 is divided by 13.
11
Calculate the remainder when 145738 is divided by 15.
13
Calculate the remainder when 3660 is divided by 607.
18
Calculate the remainder when 7167 is divided by 162.
39
What is the remainder when 20631 is divided by 1712?
87
What is the remainder when 22047 is divided by 269?
258
What is the remainder when 38038 is divided by 134?
116
What is the remainder when 16188 is divided by 8?
4
Calculate the remainder when 6276 is divided by 27.
12
Calculate the remainder when 102211 is divided by 98.
95
What is the remainder when 2639 is divided by 64?
15
Calculate the remainder when 445 is divided by 84.
25
Calculate the remainder when 77594 is divided by 24.
2
Calculate the remainder when 428 is divided by 36.
32
Calculate the remainder when 1736 is divided by 1632.
104
What is the remainder when 21340 is divided by 2943?
739
What is the remainder when 1631 is divided by 440?
311
Calculate the remainder when 1505 is divided by 71.
14
Calculate the remainder when 4061 is divided by 400.
61
What is the remainder when 689 is divided by 316?
57
Calculate the remainder when 267527 is divided by 142.
141
Calculate the remainder when 5768 is divided by 135.
98
Calculate the remainder when 29316 is divided by 21.
0
What is the remainder when 5039 is divided by 2419?
201
What is the remainder when 45912 is divided by 84?
48
Calculate the remainder when 872803 is divided by 818.
815
Calculate the remainder when 1570957 is divided by 377.
375
What is the remainder when 8057 is divided by 24?
17
Calculate the remainder when 161026 is divided by 84.
82
Calculate the remainder when 46956 is divided by 23456.
44
What is the remainder when 106661 is divided by 67?
64
Calculate the remainder when 1448 is divided by 389.
281
Calculate the remainder when 15669 is divided by 3116.
89
Calculate the remainder when 1613 is divided by 709.
195
What is the remainder when 11485 is divided by 359?
356
Calculate the remainder when 338587 is divided by 2368.
2331
What is the remainder when 16271 is divided by 8133?
5
Calculate the remainder when 17913 is divided by 103.
94
Calculate the remainder when 15675 is divided by 3906.
51
What is the remainder when 8133 is divided by 193?
27
What is the remainder when 10767 is divided by 2679?
51
Calculate the remainder when 876 is divided by 754.
122
Calculate the remainder when 2796 is divided by 278.
16
Calculate the remainder when 2170 is divided by 796.
578
Calculate the remainder when 1192 is divided by 1181.
11
Calculate the remainder when 773 is divided by 761.
12
What is the remainder when 1819 is divided by 550?
169
What is the remainder when 3172 is divided by 8?
4
Calculate the remainder when 1407 is divided by 142.
129
What is the remainder when 24988 is divided by 188?
172
What is the remainder when 46739 is divided by 164?
163
Calculate the remainder when 347308 is divided by 115.
8
What is the remainder when 1649384 is divided by 7?
2
Calculate the remainder when 18178178 is divided by 20.
18
Calculate the remainder when 591537 is divided by 84505.
2
What is the remainder when 1635 is divided by 499?
138
What is the remainder when 77819 is divided by 1197?
14
What is the remainder when 3895 is divided by 3589?
306
What is the remainder when 5056 is divided by 361?
2
What is the remainder when 659832 is divided by 6873?
24
What is the remainder when 12827 is divided by 91?
87
What is the remainder when 11407 is divided by 518?
11
What is the remainder when 725491 is divided by 19?
14
What is the remainder when 5270 is divided by 523?
40
What is the remainder when 27907 is divided by 9282?
61
What is the remainder when 6118 is divided by 43?
12
What is the remainder when 3583 is divided by 1163?
94
What is the remainder when 764690 is divided by 123?
122
What is the remainder when 19505 is divided by 1083?
11
What is the remainder when 2864048 is divided by 23?
19
Calculate the remainder when 144822 is divided by 421.
419
Calculate the remainder when 30196 is divided by 258.
10
Calculate the remainder when 8282 is divided by 17.
3
Calculate the remainder when 852 is divided by 115.
47
Calculate the remainder when 107525 is divided by 328.
269
Calculate the remainder when 2388 is divided by 443.
173
What is the remainder when 595506 is divided by 565?
561
What is the remainder when 3754 is divided by 186?
34
What is the remainder when 6294 is divided by 71?
46
Calculate the remainder when 1945 is divided by 23.
13
Calculate the remainder when 22144 is divided by 2751.
136
Calculate the remainder when 11384 is divided by 16.
8
What is the remainder when 52759 is divided by 130?
109
Calculate the remainder when 14354 is divided by 624.
2
Calculate the remainder when 145826 is divided by 136.
34
Calculate the remainder when 21208 is divided by 5238.
256
What is the remainder when 170889 is divided by 1335?
9
Calculate the remainder when 16884 is divided by 4146.
300
Calculate the remainder when 6058 is divided by 19.
16
What is the remainder when 111990 is divided by 306?
300
Calculate the remainder when 15735 is divided by 9.
3
What is the remainder when 14779 is divided by 2950?
29
What is the remainder when 47647 is divided by 23817?
13
What is the remainder when 128115 is divided by 32008?
83
What is the remainder when 17908 is divided by 458?
46
Calculate the remainder when 12482 is divided by 14.
8
Calculate the remainder when 2096085 is divided by 29.
23
What is the remainder when 10642 is divided by 260?
242
What is the remainder when 271463 is divided by 139?
135
What is the remainder when 340893 is divided by 9213?
12
Calculate the remainder when 2477 is divided by 887.
703
Calculate the remainder when 1022 is divided by 505.
12
What is the remainder when 200402 is divided by 4?
2
Calculate the remainder when 1476 is divided by 169.
124
What is the remainder when 21846 is divided by 607?
601
What is the remainder when 33299 is divided by 333?
332
What is the remainder when 1596 is divided by 503?
87
Calculate the remainder when 8831 is divided by 8662.
169
Calculate the remainder when 367107 is divided by 58.
25
What is the remainder when 2901095 is divided by 2178?
2177
Calculate the remainder when 103368 is divided by 1694.
34
Calculate the remainder when 35327 is divided by 225.
2
What is the remainder when 353 is divided by 42?
17
Calculate the remainder when 49580 is divided by 43.
1
What is the remainder whe